{"id":17,"date":"2019-11-29T13:18:06","date_gmt":"2019-11-29T12:18:06","guid":{"rendered":"https:\/\/www.aocflorennes.be\/?page_id=17"},"modified":"2023-04-13T20:23:45","modified_gmt":"2023-04-13T18:23:45","slug":"news","status":"publish","type":"page","link":"https:\/\/www.aocflorennes.be\/index.php\/news\/","title":{"rendered":"Activit\u00e9s du Club"},"content":{"rendered":"<div class=\"wp-block-image\">\n<figure class=\"aligncenter size-large\"><img loading=\"lazy\" decoding=\"async\" width=\"346\" height=\"146\" src=\"https:\/\/www.aocflorennes.be\/wp-content\/uploads\/2020\/01\/activite.jpg\" alt=\"\" class=\"wp-image-653\" srcset=\"https:\/\/www.aocflorennes.be\/wp-content\/uploads\/2020\/01\/activite.jpg 346w, https:\/\/www.aocflorennes.be\/wp-content\/uploads\/2020\/01\/activite-300x127.jpg 300w\" sizes=\"auto, (max-width: 346px) 100vw, 346px\" \/><\/figure>\n<\/div>\n\n\n<div class=\"wp-block-group\"><div class=\"wp-block-group__inner-container is-layout-flow wp-block-group-is-layout-flow\">\n<h2 class=\"wp-block-heading\">Saison 2021<\/h2>\n\n\n\n<p>Ce 21 Juillet nous avons ouvert notre nouveau stand \u00ab Pin Shooting \u00bb.<br>Vous \u00e9tiez nombreux \u00e0 avoir r\u00e9pondu pr\u00e9sent pour partager ce moment.<br>La journ\u00e9e s\u2019est d\u00e9roul\u00e9e dans la convivialit\u00e9 et sous un beau soleil. Apr\u00e8s un briefing de s\u00e9curit\u00e9 et quelques explications sur la mani\u00e8re de proc\u00e9der, notre ami Ren\u00e9 nous a fait une d\u00e9monstration tant au r\u00e9volver qu\u2019au pistolet.<br>La caf\u00e9t\u00e9ria, tenue par Josette, ouvre ses portes et propose un petit d\u00e9jeuner caf\u00e9 et mignardises.<br>Vers 11h30, les premiers tireurs sont en place et inaugurent notre stand. Les passes se suivent et chacun y va de son commentaire afin de donner le meilleur de lui-m\u00eame dans une discipline peu connue.<br>Nos amis Nadia et Nico sont \u00e0 la gestion des tirs et du timing afin que chacun puisse conna\u00eetre ses r\u00e9sultats ainsi que le temps pour abattre les six quilles.<br>Durant ce temps, Marie-Madeleine aid\u00e9e de notre ami Alain, se sont attel\u00e9s au BBQ afin que chacun re\u00e7oive sa collation pendant le temps de midi.<br>L\u2019apr\u00e8s-midi, les tirs se succ\u00e8dent et vers 16h00, nous d\u00e9cidons de mettre fin \u00e0 l\u2019activit\u00e9 de tir.<br>Fin de journ\u00e9e, \u00e0 notre grande surprise, nous avons eu droit \u00e0 un show a\u00e9rien offert par le pilote d\u2019essais du 2 Wing Tac Indicatif \u00ab VADOR \u00bb. Quelle \u00e9motion en le voyant \u00e9volu\u00e9 dans le ciel de Florennes.<br>Notre Pr\u00e9sident nous r\u00e9unit tous \u00e0 la caf\u00e9t\u00e9ria afin de prononcer quelques mots et de conclure en soulevant le verre de l\u2019amiti\u00e9.<br>Je tiens \u00e0 remercier toutes les personnes qui ont oeuvr\u00e9 pour la r\u00e9alisation de ce stand. Vincent, G\u00e9rard, Jean, Franck, Guy et d\u2019autres qui se reconna\u00eetront\u2026. qui gr\u00e2ce \u00e0 eux ce nouveau stand a vu le jour.<br>Nous nous sommes quitt\u00e9s vers 18h00 dans l\u2019attente d\u2019une nouvelle s\u00e9ance de tir.<br>Merci \u00e0 tous<br>Dom<\/p>\n<\/div><\/div>\n","protected":false},"excerpt":{"rendered":"<p>Saison 2021 Ce 21 Juillet nous avons ouvert notre nouveau stand \u00ab Pin Shooting \u00bb.Vous \u00e9tiez nombreux \u00e0 avoir r\u00e9pondu pr\u00e9sent pour partager ce moment.La journ\u00e9e s\u2019est d\u00e9roul\u00e9e dans la convivialit\u00e9 et sous un beau soleil. Apr\u00e8s un briefing de&#8230; <a href=\"https:\/\/www.aocflorennes.be\/index.php\/news\/\" class=\"readmore\">Read more<span class=\"screen-reader-text\">Activit\u00e9s du Club<\/span><span class=\"fa fa-angle-double-right\" aria-hidden=\"true\"><\/span><\/a><\/p>\n","protected":false},"author":1,"featured_media":0,"parent":0,"menu_order":0,"comment_status":"closed","ping_status":"closed","template":"","meta":{"footnotes":""},"class_list":["post-17","page","type-page","status-publish","hentry"],"post_mailing_queue_ids":[],"_links":{"self":[{"href":"https:\/\/www.aocflorennes.be\/index.php\/wp-json\/wp\/v2\/pages\/17","targetHints":{"allow":["GET"]}}],"collection":[{"href":"https:\/\/www.aocflorennes.be\/index.php\/wp-json\/wp\/v2\/pages"}],"about":[{"href":"https:\/\/www.aocflorennes.be\/index.php\/wp-json\/wp\/v2\/types\/page"}],"author":[{"embeddable":true,"href":"https:\/\/www.aocflorennes.be\/index.php\/wp-json\/wp\/v2\/users\/1"}],"replies":[{"embeddable":true,"href":"https:\/\/www.aocflorennes.be\/index.php\/wp-json\/wp\/v2\/comments?post=17"}],"version-history":[{"count":57,"href":"https:\/\/www.aocflorennes.be\/index.php\/wp-json\/wp\/v2\/pages\/17\/revisions"}],"predecessor-version":[{"id":1788,"href":"https:\/\/www.aocflorennes.be\/index.php\/wp-json\/wp\/v2\/pages\/17\/revisions\/1788"}],"wp:attachment":[{"href":"https:\/\/www.aocflorennes.be\/index.php\/wp-json\/wp\/v2\/media?parent=17"}],"curies":[{"name":"wp","href":"https:\/\/api.w.org\/{rel}","templated":true}]}}